{"id":199,"date":"2021-10-23T14:46:05","date_gmt":"2021-10-23T11:46:05","guid":{"rendered":"https:\/\/themelocker.tech\/dustra\/?page_id=199"},"modified":"2023-06-07T21:33:45","modified_gmt":"2023-06-07T18:33:45","slug":"hakkimizda","status":"publish","type":"page","link":"https:\/\/www.bmkalip.com.tr\/index.php\/hakkimizda\/","title":{"rendered":"Hakk\u0131m\u0131zda"},"content":{"rendered":"\t\t<div data-elementor-type=\"wp-page\" data-elementor-id=\"199\" class=\"elementor elementor-199\">\n\t\t\t\t\t\t\t\t\t<section class=\"elementor-section elementor-top-section elementor-element elementor-element-d2e76d4 elementor-section-full_width elementor-section-stretched elementor-section-height-default elementor-section-height-default\" data-id=\"d2e76d4\" data-element_type=\"section\" data-settings=\"{&quot;stretch_section&quot;:&quot;section-stretched&quot;}\">\n\t\t\t\t\t\t<div class=\"elementor-container elementor-column-gap-no\">\n\t\t\t\t\t<div class=\"elementor-column elementor-col-100 elementor-top-column elementor-element elementor-element-4b8534a\" data-id=\"4b8534a\" data-element_type=\"column\">\n\t\t\t<div class=\"elementor-widget-wrap elementor-element-populated\">\n\t\t\t\t\t\t\t\t<div class=\"elementor-element elementor-element-7dc233c e-transform elementor-widget elementor-widget-about\" data-id=\"7dc233c\" data-element_type=\"widget\" data-settings=\"{&quot;_animation&quot;:&quot;none&quot;,&quot;_transform_rotateZ_effect&quot;:{&quot;unit&quot;:&quot;px&quot;,&quot;size&quot;:&quot;&quot;,&quot;sizes&quot;:[]},&quot;_transform_rotateZ_effect_tablet&quot;:{&quot;unit&quot;:&quot;px&quot;,&quot;size&quot;:&quot;&quot;,&quot;sizes&quot;:[]},&quot;_transform_rotateZ_effect_mobile&quot;:{&quot;unit&quot;:&quot;px&quot;,&quot;size&quot;:&quot;&quot;,&quot;sizes&quot;:[]}}\" data-widget_type=\"about.default\">\n\t\t\t\t<div class=\"elementor-widget-container\">\n\t\t\t    <!-- Start Our About\r\n    ============================================= -->\r\n    <div class=\"about-area overflow-hidden shape-box default-padding\" >\r\n    \t <!-- Fixed Shape -->\r\n        <div class=\"fixed-shape\">\r\n            <img decoding=\"async\" src=\"https:\/\/www.bmkalip.com.tr\/wp-content\/themes\/dustra\/assets\/img\/shape\/1.png\" alt=\"dustra\">\r\n        <\/div>\r\n        <!-- End Fixed Shape -->\r\n        <div class=\"container\">\r\n            <div class=\"about-box\">\r\n                <div class=\"row align-center\">\r\n                    <div class=\"col-lg-6 thumb-left\">\r\n                        <div class=\"thumb\">\r\n                        \t                        \t\t<img decoding=\"async\" class=\"item-mousemove\" src=\"http:\/\/www.bmkalip.com.tr\/wp-content\/uploads\/2022\/05\/metalworking-cnc-milling-machine-2021-08-26-22-59-29-utc-scaled.jpg\" alt=\"dustra\">\r\n                            \t\t\r\n                           \r\n                                                        <div class=\"experiecne\">\r\n                                <h2>45<\/h2>\r\n                                <h5>Y\u0131ll\u0131k Deneyim ve Tecr\u00fcbe<\/h5>\r\n                            <\/div>\r\n                                                    <\/div>\r\n                    <\/div>\r\n                    <div class=\"col-lg-6 info\">\r\n                        <h2>Hakk\u0131m\u0131zda<\/h2><p>BM Kal\u0131p Otomotiv Plastik ve Metal Sanayi Ticaret LTD. \u015eT\u0130. 2017 Y\u0131l\u0131nda kurulmu\u015f olup, Bursa \/ Osmangazi il\u00e7esinde faaliyet g\u00f6stermektedir.<\/p><p>Birol \u00dcnl\u00fckurt ve Murat U\u011furlu taraf\u0131ndan kurulmu\u015f olan, BM Kal\u0131p Otomotiv Plastik ve Metal Sanayi Ticaret LTD. \u015eT\u0130. 45 y\u0131ll\u0131k deneyim ve tecr\u00fcbe ile olu\u015fmu\u015f bir firmad\u0131r.<\/p><p>BM Kal\u0131p,Otomotiv sanayisi ve kal\u0131p end\u00fcstrisine, Bilgisayar Destekli 3D modelleme, Plastik Enjeksiyon Kal\u0131plar\u0131, Sa\u00e7 Metal Kal\u0131plar\u0131, Kesme Kal\u0131plar\u0131, Termoform ve \u015ei\u015firme Kal\u0131plar\u0131, B\u00fckme ve \u00c7ekme Kal\u0131plar\u0131, Aparat ve Fikst\u00fcr imalat\u0131 yaparak katk\u0131 sa\u011flamaktad\u0131r.<\/p><p>BM Kal\u0131p, m\u00fc\u015fterilerine hizmetinde Kalite, do\u011fru \u00fcretim prosesleri ve zaman\u0131nda teslim maddelerini kendisine ilke edinmi\u015f, sekt\u00f6rdeki 45 y\u0131ll\u0131k deneyimi ile tecr\u00fcbesini m\u00fc\u015fterilerine sunmaktad\u0131r.<\/p>                        <div class=\"bottom\">\r\n                        \t                            <div class=\"call\">\r\n                                <div class=\"icon\">\r\n                                \t<a href=\"tel:info@bmkalip.com.tr\">\r\n                                                                                <i class=\"flaticon-email-1\"><\/i>\r\n                                    \t                                    \t                                        <div class=\"contact\">\r\n                                            <h4>info@bmkalip.com.tr<\/h4>\r\n                                            <span>E - Posta<\/span>\r\n                                        <\/div>\r\n                                    <\/a>\r\n                                <\/div>\r\n                            <\/div>\r\n                                                        \t                            <div class=\"button\">\r\n\t                                <a class=\"btn btn-theme effect btn-md\" href=\"http:\/\/www.bmkalip.com.tr\/index.php\/iletisim\/\">Bize Ula\u015f\u0131n<\/a>\r\n\t                            <\/div>\r\n                        \t                        <\/div>\r\n                    <\/div>\r\n                <\/div>\r\n            <\/div>\r\n        <\/div>\r\n    <\/div>\r\n    <!-- End Our About -->\r\n\r\n\t\t\t<\/div>\n\t\t\t\t<\/div>\n\t\t\t\t\t<\/div>\n\t\t<\/div>\n\t\t\t\t\t\t\t<\/div>\n\t\t<\/section>\n\t\t\t\t<section class=\"elementor-section elementor-top-section elementor-element elementor-element-25c4325 elementor-section-full_width elementor-section-stretched elementor-section-height-default elementor-section-height-default\" data-id=\"25c4325\" data-element_type=\"section\" data-settings=\"{&quot;stretch_section&quot;:&quot;section-stretched&quot;}\">\n\t\t\t\t\t\t<div class=\"elementor-container elementor-column-gap-no\">\n\t\t\t\t\t<div class=\"elementor-column elementor-col-100 elementor-top-column elementor-element elementor-element-760a40c\" data-id=\"760a40c\" data-element_type=\"column\">\n\t\t\t<div class=\"elementor-widget-wrap elementor-element-populated\">\n\t\t\t\t\t\t\t\t<div class=\"elementor-element elementor-element-9503ad8 elementor-widget elementor-widget-clients\" data-id=\"9503ad8\" data-element_type=\"widget\" data-widget_type=\"clients.default\">\n\t\t\t\t<div class=\"elementor-widget-container\">\n\t\t\t\r\n\t<!-- Start Clients Area\r\n    ============================================= -->\r\n    <div class=\"clients-area default-padding bg-dark text-light\">\r\n    \t        <!-- Fixed Shape -->\r\n        <div class=\"fixed-shape\">\r\n            <img decoding=\"async\" src=\"https:\/\/www.bmkalip.com.tr\/wp-content\/themes\/dustra\/assets\/img\/shape\/1.png\" alt=\"dustra\">\r\n        <\/div>\r\n    \t        <!-- End Fixed Shape -->\r\n        <div class=\"container\">\r\n            <div class=\"clients-item-box\">\r\n                <div class=\"row align-center\">\r\n                    <div class=\"col-lg-5 left-info\">\r\n                        <h2>Referanslar\u0131m\u0131z<\/h2>\r\n                        <p>\r\n                                                    <\/p>\r\n                    <\/div>\r\n                    <div class=\"col-lg-6 offset-lg-1 clients-box\">\r\n                        <div class=\"clients-items owl-carousel owl-theme text-center\">\r\n                            \t                            <div class=\"single-item\">\r\n\t                                <a href=\"http:\/\/www.bmkalip.com.tr\/wp-content\/uploads\/2022\/05\/Untitled-1.png\"><img decoding=\"async\" src=\"http:\/\/www.bmkalip.com.tr\/wp-content\/uploads\/2022\/05\/Untitled-1.png\" alt=\"dustra\"><\/a>\r\n\t                            <\/div>\r\n\t                            \t                            <div class=\"single-item\">\r\n\t                                <a href=\"http:\/\/www.bmkalip.com.tr\/wp-content\/uploads\/2022\/05\/Untitled-4.jpg\"><img decoding=\"async\" src=\"http:\/\/www.bmkalip.com.tr\/wp-content\/uploads\/2022\/05\/Untitled-4.jpg\" alt=\"dustra\"><\/a>\r\n\t                            <\/div>\r\n\t                            \t                            <div class=\"single-item\">\r\n\t                                <a href=\"http:\/\/www.bmkalip.com.tr\/wp-content\/uploads\/2022\/05\/Untitled-3.jpg\"><img decoding=\"async\" src=\"http:\/\/www.bmkalip.com.tr\/wp-content\/uploads\/2022\/05\/Untitled-3.jpg\" alt=\"dustra\"><\/a>\r\n\t                            <\/div>\r\n\t                            \t                            <div class=\"single-item\">\r\n\t                                <a href=\"http:\/\/www.bmkalip.com.tr\/wp-content\/uploads\/2022\/05\/Untitled-1-1.jpg\"><img decoding=\"async\" src=\"http:\/\/www.bmkalip.com.tr\/wp-content\/uploads\/2022\/05\/Untitled-1-1.jpg\" alt=\"dustra\"><\/a>\r\n\t                            <\/div>\r\n\t                            \t                            <div class=\"single-item\">\r\n\t                                <a href=\"http:\/\/www.bmkalip.com.tr\/wp-content\/uploads\/2022\/05\/Untitled-1-2.jpg\"><img decoding=\"async\" src=\"http:\/\/www.bmkalip.com.tr\/wp-content\/uploads\/2022\/05\/Untitled-1-2.jpg\" alt=\"dustra\"><\/a>\r\n\t                            <\/div>\r\n\t                            \t                            <div class=\"single-item\">\r\n\t                                <a href=\"http:\/\/www.bmkalip.com.tr\/wp-content\/uploads\/2022\/05\/Untitled-1.jpg\"><img decoding=\"async\" src=\"http:\/\/www.bmkalip.com.tr\/wp-content\/uploads\/2022\/05\/Untitled-1.jpg\" alt=\"dustra\"><\/a>\r\n\t                            <\/div>\r\n\t                            \t                            <div class=\"single-item\">\r\n\t                                <a href=\"http:\/\/www.bmkalip.com.tr\/wp-content\/uploads\/2022\/05\/Untitled-11.jpg\"><img decoding=\"async\" src=\"http:\/\/www.bmkalip.com.tr\/wp-content\/uploads\/2022\/05\/Untitled-11.jpg\" alt=\"dustra\"><\/a>\r\n\t                            <\/div>\r\n\t                            \t                            <div class=\"single-item\">\r\n\t                                <a href=\"http:\/\/www.bmkalip.com.tr\/wp-content\/uploads\/2022\/05\/Untitled-2.jpg\"><img decoding=\"async\" src=\"http:\/\/www.bmkalip.com.tr\/wp-content\/uploads\/2022\/05\/Untitled-2.jpg\" alt=\"dustra\"><\/a>\r\n\t                            <\/div>\r\n\t                            \t                            <div class=\"single-item\">\r\n\t                                <a href=\"https:\/\/www.bmkalip.com.tr\/wp-content\/uploads\/2023\/06\/referans_buski.jpg\"><img decoding=\"async\" src=\"https:\/\/www.bmkalip.com.tr\/wp-content\/uploads\/2023\/06\/referans_buski.jpg\" alt=\"dustra\"><\/a>\r\n\t                            <\/div>\r\n\t                              \r\n                        <\/div>\r\n                    <\/div>\r\n                <\/div>\r\n            <\/div>\r\n        <\/div>\r\n    <\/div>\r\n    <!-- End Clients Area -->\r\n\t\t\t<\/div>\n\t\t\t\t<\/div>\n\t\t\t\t\t<\/div>\n\t\t<\/div>\n\t\t\t\t\t\t\t<\/div>\n\t\t<\/section>\n\t\t\t\t<section class=\"elementor-section elementor-top-section elementor-element elementor-element-50135bb elementor-section-boxed elementor-section-height-default elementor-section-height-default\" data-id=\"50135bb\" data-element_type=\"section\">\n\t\t\t\t\t\t<div class=\"elementor-container elementor-column-gap-default\">\n\t\t\t\t\t<div class=\"elementor-column elementor-col-100 elementor-top-column elementor-element elementor-element-84bcd76\" data-id=\"84bcd76\" data-element_type=\"column\">\n\t\t\t<div class=\"elementor-widget-wrap elementor-element-populated\">\n\t\t\t\t\t\t\t\t<div class=\"elementor-element elementor-element-16c82c4 elementor-widget elementor-widget-spacer\" data-id=\"16c82c4\" data-element_type=\"widget\" data-widget_type=\"spacer.default\">\n\t\t\t\t<div class=\"elementor-widget-container\">\n\t\t\t<style>\/*! elementor - v3.6.4 - 13-04-2022 *\/\n.e-container.e-container--row .elementor-spacer-inner{width:var(--spacer-size)}.e-container.e-container--column .elementor-spacer-inner,.elementor-column .elementor-spacer-inner{height:var(--spacer-size)}<\/style>\t\t<div class=\"elementor-spacer\">\n\t\t\t<div class=\"elementor-spacer-inner\"><\/div>\n\t\t<\/div>\n\t\t\t\t<\/div>\n\t\t\t\t<\/div>\n\t\t\t\t\t<\/div>\n\t\t<\/div>\n\t\t\t\t\t\t\t<\/div>\n\t\t<\/section>\n\t\t\t\t\t\t\t<\/div>\n\t\t","protected":false},"excerpt":{"rendered":"<p>45 Y\u0131ll\u0131k Deneyim ve Tecr\u00fcbe Hakk\u0131m\u0131zda BM Kal\u0131p Otomotiv Plastik ve Metal Sanayi Ticaret LTD. \u015eT\u0130. 2017 Y\u0131l\u0131nda kurulmu\u015f olup, Bursa \/ Osmangazi il\u00e7esinde faaliyet g\u00f6stermektedir. Birol \u00dcnl\u00fckurt ve Murat U\u011furlu taraf\u0131ndan kurulmu\u015f olan, BM Kal\u0131p Otomotiv Plastik ve Metal Sanayi Ticaret LTD. \u015eT\u0130. 45 y\u0131ll\u0131k deneyim ve tecr\u00fcbe ile olu\u015fmu\u015f bir firmad\u0131r. BM Kal\u0131p,Otomotiv [&hellip;]<\/p>\n","protected":false},"author":1,"featured_media":0,"parent":0,"menu_order":0,"comment_status":"closed","ping_status":"closed","template":"page-template\/dustra-template.php","meta":{"footnotes":""},"class_list":["post-199","page","type-page","status-publish","hentry"],"_links":{"self":[{"href":"https:\/\/www.bmkalip.com.tr\/index.php\/wp-json\/wp\/v2\/pages\/199","targetHints":{"allow":["GET"]}}],"collection":[{"href":"https:\/\/www.bmkalip.com.tr\/index.php\/wp-json\/wp\/v2\/pages"}],"about":[{"href":"https:\/\/www.bmkalip.com.tr\/index.php\/wp-json\/wp\/v2\/types\/page"}],"author":[{"embeddable":true,"href":"https:\/\/www.bmkalip.com.tr\/index.php\/wp-json\/wp\/v2\/users\/1"}],"replies":[{"embeddable":true,"href":"https:\/\/www.bmkalip.com.tr\/index.php\/wp-json\/wp\/v2\/comments?post=199"}],"version-history":[{"count":71,"href":"https:\/\/www.bmkalip.com.tr\/index.php\/wp-json\/wp\/v2\/pages\/199\/revisions"}],"predecessor-version":[{"id":2151,"href":"https:\/\/www.bmkalip.com.tr\/index.php\/wp-json\/wp\/v2\/pages\/199\/revisions\/2151"}],"wp:attachment":[{"href":"https:\/\/www.bmkalip.com.tr\/index.php\/wp-json\/wp\/v2\/media?parent=199"}],"curies":[{"name":"wp","href":"https:\/\/api.w.org\/{rel}","templated":true}]}}